{"id":7,"date":"2022-02-14T23:24:04","date_gmt":"2022-02-14T22:24:04","guid":{"rendered":"http:\/\/alphalodz.csr.org.pl\/?page_id=7"},"modified":"2024-11-17T00:13:30","modified_gmt":"2024-11-16T23:13:30","slug":"informacje","status":"publish","type":"page","link":"https:\/\/alphalodz.csr.org.pl\/index.php\/informacje\/","title":{"rendered":"Gdzie do\u0142\u0105czy\u0107?"},"content":{"rendered":"\n<p><\/p>\n\n\n\n<p><\/p>\n\n\n\n<h1 class=\"wp-block-heading has-text-align-center\"><strong>Sprawd\u017a gdzie i kiedy mo\u017cesz do\u0142\u0105czy\u0107 do spotka\u0144!<\/strong><\/h1>\n\n\n\n<h2 class=\"wp-block-heading has-text-align-center has-neve-link-color-color has-text-color\">W \u0141odzi Alpha odbywa si\u0119: <\/h2>\n\n\n\n<div class=\"wp-block-columns is-layout-flex wp-container-core-columns-is-layout-9d6595d7 wp-block-columns-is-layout-flex\">\n<div class=\"wp-block-column is-layout-flow wp-block-column-is-layout-flow\"><\/div>\n\n\n\n<div class=\"wp-block-column is-layout-flow wp-block-column-is-layout-flow\"><\/div>\n\n\n\n<div class=\"wp-block-column is-layout-flow wp-block-column-is-layout-flow\"><\/div>\n<\/div>\n\n\n\n<div class=\"wp-block-columns is-layout-flex wp-container-core-columns-is-layout-9d6595d7 wp-block-columns-is-layout-flex\">\n<div class=\"wp-block-column is-layout-flow wp-block-column-is-layout-flow\"><\/div>\n\n\n\n<div class=\"wp-block-column is-layout-flow wp-block-column-is-layout-flow\"><\/div>\n\n\n\n<div class=\"wp-block-column is-layout-flow wp-block-column-is-layout-flow\"><\/div>\n<\/div>\n\n\n\n<div class=\"wp-block-columns is-layout-flex wp-container-core-columns-is-layout-9d6595d7 wp-block-columns-is-layout-flex\">\n<div class=\"wp-block-column is-layout-flow wp-block-column-is-layout-flow\" style=\"flex-basis:100%\">\n<div class=\"wp-block-cover alignfull\" style=\"min-height:600px;aspect-ratio:unset;\"><span aria-hidden=\"true\" class=\"wp-block-cover__background has-nv-dark-bg-background-color has-background-dim-100 has-background-dim\"><\/span><div class=\"wp-block-cover__inner-container is-layout-flow wp-block-cover-is-layout-flow\">\n<div class=\"wp-block-group\"><div class=\"wp-block-group__inner-container is-layout-flow wp-block-group-is-layout-flow\">\n<div class=\"wp-block-columns are-vertically-aligned-center is-layout-flex wp-container-core-columns-is-layout-9d6595d7 wp-block-columns-is-layout-flex\">\n<div class=\"wp-block-column is-vertically-aligned-center is-layout-flow wp-block-column-is-layout-flow\" style=\"flex-basis:50%\">\n<h2 class=\"wp-block-heading has-text-align-right has-nv-text-dark-bg-color has-text-color\" style=\"font-size:50px\">WTOREK<\/h2>\n\n\n\n<p class=\"has-text-align-right has-nv-text-dark-bg-color has-text-color\"><strong>CENTRUM S\u0141U\u017bBY RODZINIE <br><\/strong>ul. Broniewskiego 1A, 93-162 \u0141\u00f3d\u017a<\/p>\n\n\n\n<p><\/p>\n\n\n\n<p class=\"has-text-align-right\"><strong>KIEDY?<\/strong> <br>19.11.2024 r.<br><strong>O KT\u00d3REJ? <\/strong><br>godz. 19:00<\/p>\n\n\n\n<div class=\"wp-block-buttons is-content-justification-right is-layout-flex wp-container-core-buttons-is-layout-e6df00e8 wp-block-buttons-is-layout-flex\">\n<div class=\"wp-block-button alignright is-style-primary\"><a class=\"wp-block-button__link wp-element-button\" href=\"https:\/\/goo.gl\/maps\/PSNwixF1pVHBCCxr8\" style=\"border-radius:5px\" target=\"_blank\" rel=\"noreferrer noopener\">Sprawd\u017a jak dotrze\u0107 na miejsce<\/a><\/div>\n<\/div>\n\n\n\n<p><\/p>\n\n\n\n<div style=\"height:20px\" aria-hidden=\"true\" class=\"wp-block-spacer\"><\/div>\n<\/div>\n\n\n\n<div class=\"wp-block-column is-vertically-aligned-center is-layout-flow wp-block-column-is-layout-flow\" style=\"flex-basis:50%\"><div class=\"wp-block-image\">\n<figure class=\"aligncenter size-large\"><img loading=\"lazy\" decoding=\"async\" width=\"1024\" height=\"682\" src=\"http:\/\/alphalodz.csr.org.pl\/wp-content\/uploads\/2023\/04\/d5zyazqk-1024x682.png\" alt=\"\" class=\"wp-image-303\" srcset=\"https:\/\/alphalodz.csr.org.pl\/wp-content\/uploads\/2023\/04\/d5zyazqk-1024x682.png 1024w, https:\/\/alphalodz.csr.org.pl\/wp-content\/uploads\/2023\/04\/d5zyazqk-300x200.png 300w, https:\/\/alphalodz.csr.org.pl\/wp-content\/uploads\/2023\/04\/d5zyazqk-768x512.png 768w, https:\/\/alphalodz.csr.org.pl\/wp-content\/uploads\/2023\/04\/d5zyazqk-1536x1023.png 1536w, https:\/\/alphalodz.csr.org.pl\/wp-content\/uploads\/2023\/04\/d5zyazqk-930x620.png 930w, https:\/\/alphalodz.csr.org.pl\/wp-content\/uploads\/2023\/04\/d5zyazqk.png 1945w\" sizes=\"auto, (max-width: 1024px) 100vw, 1024px\" \/><\/figure>\n<\/div><\/div>\n<\/div>\n<\/div><\/div>\n\n\n\n<div class=\"wp-block-columns is-layout-flex wp-container-core-columns-is-layout-9d6595d7 wp-block-columns-is-layout-flex\">\n<div class=\"wp-block-column is-layout-flow wp-block-column-is-layout-flow\">\n<div class=\"wp-block-buttons alignfull is-content-justification-center is-layout-flex wp-container-core-buttons-is-layout-16018d1d wp-block-buttons-is-layout-flex\">\n<div class=\"wp-block-button has-custom-width wp-block-button__width-50 has-custom-font-size is-style-primary has-medium-font-size\"><a class=\"wp-block-button__link has-neve-link-hover-color-color has-text-color has-text-align-left wp-element-button\" href=\"https:\/\/docs.google.com\/forms\/d\/e\/1FAIpQLSdX7x1Be59tN_pSblHyj5PH75qyhIyyHPu_uzxGb6UxtY2sig\/viewform\" style=\"border-radius:5px\" target=\"_blank\" rel=\"noreferrer noopener\"> ZAPISY<\/a><\/div>\n<\/div>\n<\/div>\n<\/div>\n<\/div><\/div>\n<\/div>\n<\/div>\n","protected":false},"excerpt":{"rendered":"<p>Sprawd\u017a gdzie i kiedy mo\u017cesz do\u0142\u0105czy\u0107 do spotka\u0144! W \u0141odzi Alpha odbywa si\u0119:<\/p>\n","protected":false},"author":1,"featured_media":0,"parent":0,"menu_order":0,"comment_status":"closed","ping_status":"closed","template":"","meta":{"neve_meta_sidebar":"","neve_meta_container":"","neve_meta_enable_content_width":"on","neve_meta_content_width":100,"neve_meta_title_alignment":"","neve_meta_author_avatar":"","neve_post_elements_order":"","neve_meta_disable_header":"","neve_meta_disable_footer":"","neve_meta_disable_title":"on","footnotes":""},"class_list":["post-7","page","type-page","status-publish","hentry"],"_links":{"self":[{"href":"https:\/\/alphalodz.csr.org.pl\/index.php\/wp-json\/wp\/v2\/pages\/7","targetHints":{"allow":["GET"]}}],"collection":[{"href":"https:\/\/alphalodz.csr.org.pl\/index.php\/wp-json\/wp\/v2\/pages"}],"about":[{"href":"https:\/\/alphalodz.csr.org.pl\/index.php\/wp-json\/wp\/v2\/types\/page"}],"author":[{"embeddable":true,"href":"https:\/\/alphalodz.csr.org.pl\/index.php\/wp-json\/wp\/v2\/users\/1"}],"replies":[{"embeddable":true,"href":"https:\/\/alphalodz.csr.org.pl\/index.php\/wp-json\/wp\/v2\/comments?post=7"}],"version-history":[{"count":141,"href":"https:\/\/alphalodz.csr.org.pl\/index.php\/wp-json\/wp\/v2\/pages\/7\/revisions"}],"predecessor-version":[{"id":565,"href":"https:\/\/alphalodz.csr.org.pl\/index.php\/wp-json\/wp\/v2\/pages\/7\/revisions\/565"}],"wp:attachment":[{"href":"https:\/\/alphalodz.csr.org.pl\/index.php\/wp-json\/wp\/v2\/media?parent=7"}],"curies":[{"name":"wp","href":"https:\/\/api.w.org\/{rel}","templated":true}]}}